-3*h, -3*h + 369 = 5*z. Calculate the remainder when z is divided by 19.
18
Suppose 0 = t - 37. Calculate the remainder when t is divided by 20.
17
Let z = -3 + 10. Suppose 0 = -5*n + 38 + z. Let d = -2 + n. What is the remainder when 19 is divided by d?
5
Suppose 0*v = 2*v - 14. Let y = v - -3. Suppose -3*j - y = -4*j. Calculate the remainder when 29 is divided by j.
9
Let v(z) = 44*z - 4. Let s be v(2). Suppose 5*u = -19 + s. Calculate the remainder when 22 is divided by u.
9
Let g be (44/8)/((-2)/(-20)). Calculate the remainder when 1419/g + (-2)/(-10) is divided by 9.
8
Let y(t) = t - 2. Let f be y(6). Suppose -2*w = -0*w - f. Let d = -11 - -16. What is the remainder when d is divided by w?
1
Calculate the remainder when 12/(1 - (-1)/(-2)) is divided by 5.
4
Let z = 45 - 17. Suppose 4*q + 8 = 0, j - 3*q = -2*j + 12. What is the remainder when z is divided by 9/j*30/9?
13
Let l = 3 - -2. What is the remainder when l is divided by 3?
2
Let o = -34 + 37. Calculate the remainder when 5 is divided by o.
2
Let o(a) = -a**2 - 10*a - 8. Let m = -1 - -15. What is the remainder when m is divided by o(-8)?
6
Let d = 0 - -4. Suppose 0 = 2*k - 2*y - 18 - 22, 55 = d*k + y. What is the remainder when k is divided by 6?
3
What is the remainder when 26 is divided by -2*(1 - (-34)/(-4))?
11
Suppose 3*w - 8*w + 25 = 0. Suppose z + 3*u + 2 = 5*z, -5*u + 10 = 0. Let n = w + z. What is the remainder when n is divided by 3?
1
Let l be 4*(-3 + 2 - -2). Let o be 39/(2*(-2)/(-4)). Suppose -l*y + o = -y. What is the remainder when 24 is divided by y?
11
Calculate the remainder when (-6)/(2/10*-2) is divided by 9.
6
Let k(l) = l**3 + 12*l**2 - 14*l + 10. Let x be 12/(-1 + 0 + 2). What is the remainder when k(-13) is divided by 0 + 0/1 + x?
11
Let u(c) = -6*c + 1. Let g(v) = v + 3. Let x be g(-4). What is the remainder when 19 is divided by u(x)?
5
Calculate the remainder when 4/(4/(-252)*-12) is divided by 15.
6
Let w = -5 - -5. Suppose w = j - 50 + 6. What is the remainder when j is divided by 15?
14
Let l = -5 - -3. Suppose 9*u - 10*u + 19 = 0. What is the remainder when u is divided by (1/l)/((-5)/100)?
9
Suppose -n = 1, 3*w - 3*n - 12 + 3 = 0. Suppose 4*t - 138 = -2*i, -w*i - 9 = 1. Let z = t - 14. Calculate the remainder when z is divided by 12.
11
Let s(v) = 5*v. Calculate the remainder when 19 is divided by s(2).
9
Let w = 18 + -14. Suppose -3*u + 166 = -f - 40, 4*u - 248 = -w*f. What is the remainder when u is divided by 23?
21
Let f = 15 + -5. Suppose -6*i + i = -f. Suppose -4*h = -i*h - 58. Calculate the remainder when h is divided by 10.
9
Suppose 0 = -0*s - 4*s + 24. Suppose -4*k = -s + 2. What is the remainder when k is divided by 1?
0
Calculate the remainder when (8/(-6))/(4/(-96)) is divided by 18.
14
Let h(m) = 4*m**2 + m + 38. Calculate the remainder when 150 is divided by h(0).
36
Suppose 27 = 5*a - 8. What is the remainder when 12 is divided by a?
5
Let g be (-5)/(-1) + (-4 - -2). Suppose -i + 5*y + 3 = 0, g*i + 0*i = 3*y + 33. Calculate the remainder when 25 is divided by i.
12
Let b = -16 - -45. Let m(a) = -51*a**3 + 2*a - 1. Let g be m(1). Calculate the remainder when b is divided by ((-4)/5)/(4/g).
9
Let o = 30 + -21. Let x = -5 + 17. Suppose 0 = k + 2*k - x. Calculate the remainder when o is divided by k.
1
Let q(i) = 10*i + 44. What is the remainder when q(8) is divided by 42?
40
Let u(w) = 3*w**2 - 2*w + 1. Calculate the remainder when u(4) is divided by 34/(-119) + (-79)/(-7).
8
Suppose 5*b = -3*z + 33, 4*z + 2*b - 4 = 54. What is the remainder when z is divided by ((-6)/(-24))/(12/432)?
7
Let u(h) = 3*h + 5. Let m = -3 + 5. Let n = m - -4. What is the remainder when u(n) is divided by 8?
7
Suppose -204 - 30 = -9*o. Calculate the remainder when 74 is divided by o.
22
Let x be 1/(2 - 6/4). Let g = 4 - x. Suppose 2*h + 3*q = 15, -4*h + g*h = 5*q - 5. Calculate the remainder when 44 is divided by h.
14
Suppose 0 = 4*a - 2*m + 29 - 11, 0 = -2*a - 2*m - 12. What is the remainder when (-116)/(-10) - 2/a is divided by 7?
5
Suppose 4*i + 4 - 6 = -m, 2*i = -2*m + 28. Let u = m - 10. Calculate the remainder when 29 is divided by u.
5
Let m = 91 - 10. Let v = 5 - -23. What is the remainder when m is divided by v?
25
Let y(f) = -f**2 + 6*f - 1. Let t be y(6). Let q be (-6*1/(-2))/t. Let c = q + 22. Calculate the remainder when 37 is divided by c.
18
Suppose -7*i + 91 = 21. Let z(k) = k**2 + 5*k + 6. Let f = -12 + 7. Calculate the remainder when i is divided by z(f).
4
Let v(m) = m**3 + 5*m**2 + 10. Calculate the remainder when 35 is divided by v(-5).
5
Suppose 2*y = 7*y - 20, 0 = -2*z + 4*y - 12. What is the remainder when (z/(-4))/(2/(-20)) is divided by 2?
1
Suppose 0*j + 35 = j - 4*g, 0 = 5*j - 2*g - 103. Let k(y) = 3*y**2 - 4*y + 1. What is the remainder when k(5) is divided by j?
18
Let s be ((-24)/9)/(2/(-57)). Let c = s + -42. What is the remainder when c is divided by 4/10 + 176/10?
16
Let t be -17*1*(-7 - 0). Let x = -78 + t. What is the remainder when x is divided by 21?
20
Suppose 0 = -5*c + 10. Suppose 22 = m + c*i + 7, -4*m + 87 = -i. Suppose -12*a + 60 = -7*a. What is the remainder when m is divided by a?
9
Suppose 6*x = q + 3*x - 28, -151 = -5*q + 4*x. Let g(m) = 2*m**2 - 5*m - 1. What is the remainder when q is divided by g(4)?
9
Let r be 6/21 - (-4)/(-14). Let p(d) = -d**3 - d + 5. Let u be p(r). Let b(x) = 2*x - 2. Calculate the remainder when 22 is divided by b(u).
6
What is the remainder when (-14)/(-70) + 208/10 is divided by 4?
1
Let l(r) = -r + 27. What is the remainder when l(-9) is divided by 19?
17
Suppose -5*h + 9 = -2*h, -h = 2*s - 33. Calculate the remainder when s is divided by 5 - 2/((-4)/(-2)).
3
Calculate the remainder when 7 is divided by 2/2 + (-3 - (3 + -11)).
1
Let z(g) = -g**3 + 7*g**2 + 13*g - 11. Calculate the remainder when z(8) is divided by 12.
5
Suppose 6*y - 10 = y. Suppose 0 = -2*w - s + 5, 0 = 5*w + 4*s - s - 14. Calculate the remainder when y is divided by w.
0
Suppose s = 3*t - 4*t - 27, 0 = 3*t - 6. Calculate the remainder when (s - -1)/((-2)/4) is divided by 29.
27
Suppose -9 = -4*a + 83. Suppose 0 = -3*w + 7 + a. Suppose b = 3 + 26. Calculate the remainder when b is divided by w.
9
Let w be (5 - 2)*(-5)/(-5). Suppose -206 = -w*h - 29. What is the remainder when h is divided by 15?
14
Suppose -3*n = -5*d, 0*d - 5*n = -4*d - 13. Suppose -2*x + 35 = d*x. Let u = x + -3. Calculate the remainder when 9 is divided by u.
1
Suppose 4*v + 51 = 263. Suppose 2*q - 33 = 3. What is the remainder when v is divided by q?
17
Suppose 0 = -2*s + 2 + 28. Let y be 4/12 - (-46)/6. Let g = y - 4. Calculate the remainder when s is divided by g.
3
Let c(x) = 4*x**2 + 1. Let y(r) = 43*r**2 - 2*r + 1. Let m be y(1). Let j = -29 + m. What is the remainder when c(-3) is divided by j?
11
What is the remainder when 42 + 5/15 + (-4)/(-6) is divided by 4/14 - 304/(-14)?
21
Let h = -4 - -4. Let a be 0 + h + 3 - -2. Suppose 1 + 17 = 5*n - q, -a*n - 4*q = -28. Calculate the remainder when n is divided by 3.
1
Let z be 69/(-12) - 6/(-8). Let c(w) = 2*w**2 + w - 7. Calculate the remainder when c(z) is divided by 13.
12
Let m = -20 - -72. Suppose 5*c - b = 102, -m - 59 = -5*c - 2*b. Calculate the remainder when 27 is divided by -3*(-7)/(c/10).
7
Let l(a) = a**3 - 4*a**2 - 8*a + 20. What is the remainder when 24 is divided by l(5)?
4
Suppose -20 = 5*w - 80. Let u = 137 + -11. Suppose 4*g - 6 = u. Calculate the remainder when g is divided by w.
9
Let p be 1 + (-3)/((-6)/298). Suppose 3*a = 2*h + 46 - p, 4 = 2*a. What is the remainder when h is divided by (-12 - 7)*(-1)/1?
17
Suppose 3*f = l - 10 + 40, -f = -3*l - 18. Suppose -64 = -0*d - 4*d. Let i = d - f. Calculate the remainder when 20 is divided by i.
6
Let t(h) be the first derivative of -h**4/4 - 2*h**3 - h**2/2 + 6*h + 3. What is the remainder when 22 is divided by t(-6)?
10
Let y = 17 - 14. Let s = y - -11. What is the remainder when 41 is divided by s?
13
Suppose -2*f - 3 + 1 = 0, 2*g - 1 = f. Suppose 5*n - n - 16 = g. What is the remainder when 11 is divided by n?
3
Suppose 3*f - 2*q - 30 = f, 2*f + q = 18. Calculate the remainder when f is divided by 5.
1
Let w be ((-4)/8)/((-2)/24). Let o(t) = t**3 - 5*t**2 - 6*t + 7. Calculate the remainder when (20/6)/(2/12) is divided by